203021
In base 14, what is -6a568 + -9?
-6a573
In base 10, what is 129370 - -4?
129374
In base 12, what is 19 + 8ba3?
9000
In base 14, what is 2 + -3545?
-3543
In base 13, what is 2a606 + -1?
2a605
In base 3, what is 12 + 110002022201?
110002022220
In base 9, what is -32647 + -20?
-32667
In base 8, what is -224 - 132?
-356
In base 7, what is 125461 + 1?
125462
In base 7, what is 150 - -1105?
1255
In base 11, what is -7816 - -248?
-7579
In base 5, what is 4 - -32314223?
32314232
In base 6, what is 3 + -235225?
-235222
In base 9, what is 22046 - 3?
22043
In base 7, what is -113063 - 13?
-113106
In base 16, what is -11e00 + 4?
-11dfc
In base 5, what is -14 - -24432?
24413
In base 15, what is -1e2 - -6b7?
4c5
In base 10, what is -1785 + -41?
-1826
In base 16, what is -79bb - b?
-79c6
In base 11, what is 2055 - -112?
2167
In base 2, what is -110 + -1101011101100?
-1101011110010
In base 4, what is -10001 + -12122?
-22123
In base 15, what is 5 - a426?
-a421
In base 5, what is 40 - 22232300?
-22232210
In base 15, what is 7b - -358?
3d4
In base 13, what is 3 + -2128?
-2125
In base 6, what is 332 + -4212?
-3440
In base 15, what is 7c48 + 2?
7c4a
In base 5, what is -124014 + -1001?
-130020
In base 11, what is 105a + 11a?
1179
In base 11, what is 111 + -3812?
-3701
In base 16, what is 51ac + 10?
51bc
In base 13, what is -b - -3ab4?
3aa6
In base 12, what is -3114 + 53?
-3081
In base 4, what is -10321231 + 3?
-10321222
In base 12, what is -11 - 168a8?
-168b9
In base 3, what is 122110112 - -100?
122110212
In base 7, what is -53503 - -6?
-53464
In base 5, what is 1044 - -120320?
121414
In base 2, what is -11111011 + -11100111100?
-100000110111
In base 9, what is -67574 - 1?
-67575
In base 10, what is -3 - 59688?
-59691
In base 6, what is 132 - -1335122?
1335254
In base 6, what is 153004 - 22?
152542
In base 12, what is 12 - -a739?
a74b
In base 7, what is -4100 - 31?
-4131
In base 9, what is 23 - -1376?
1410
In base 3, what is -20110 + 1100100?
1002220
In base 3, what is 1022001211211 + -12?
1022001211122
In base 16, what is -1a6f + 280?
-17ef
In base 15, what is -1 + 134?
133
In base 8, what is 7 - -155?
164
In base 5, what is -10 + -2130421?
-2130431
In base 4, what is 323 + 1001?
1330
In base 8, what is -34544 + -60?
-34624
In base 15, what is -8 + 3b67?
3b5e
In base 4, what is 1 + 20033001?
20033002
In base 9, what is -5024 - -157?
-4756
In base 10, what is -36 + -826?
-862
In base 10, what is 57849 - 0?
57849
In base 8, what is -3311055 + -2?
-3311057
In base 9, what is -833310 - -1?
-833308
In base 8, what is 0 + 26141?
26141
In base 16, what is -3e + 41b?
3dd
In base 8, what is -6 + 37722?
37714
In base 12, what is -70 + 2496?
2426
In base 10, what is -4 + 23623?
23619
In base 12, what is -507 - -29?
-49a
In base 15, what is 76e + 119?
888
In base 12, what is 14307 - 59?
1426a
In base 8, what is -177702 - 3?
-177705
In base 7, what is -1053 + -464?
-1550
In base 2, what is 11101000101001010111 - 11?
11101000101001010100
In base 9, what is -624 - 100?
-724
In base 4, what is -131021 + -22?
-131103
In base 4, what is -22 + 200131230?
200131202
In base 11, what is -2 + 2a4a?
2a48
In base 11, what is 1aa1264 - 5?
1aa125a
In base 7, what is -146511 + -30?
-146541
In base 6, what is -3305103 + 4?
-3305055
In base 8, what is 2 + 567?
571
In base 9, what is 1363 - -187?
1561
In base 4, what is -22231203 + -23?
-22231232
In base 8, what is 3 + 13042?
13045
In base 9, what is 5 - -144120?
144125
In base 16, what is 154 + -7?
14d
In base 6, what is 45 + 5545?
10034
In base 14, what is 3 - 1a7c?
-1a79
In base 9, what is -247 + 34?
-213
In base 2, what is 1010 + 10000011011100110?
10000011011110000
In base 9, what is -100304 - -52?
-100242
In base 7, what is 4145 - 226?
3616
In base 2, what is -1000110100101110001 + 100?
-1000110100101101101
In base 9, what is 473768 - 4?
473764
In base 16, what is -300 + -1fb?
-4fb
In base 14, what is -98919 - 1?
-9891a
In base 12, what is -94388 + -9?
-94395
In base 8, what is -216 + -1265?
-1503
In base 13, what is 2 + -2190?
-218b
In base 3, what is -22011 - 1121001?
-1220012
In base 3, what is -220100020021 - -111?
-220100012210
In base 8, what is -440 - 424?
-1064
In base 15, what is -5 + -1e26?
-1e2b
In base 3, what is -102001112111 - 11?
-102001112122
In base 13, what is 4 + 136a?
1371
In base 16, what is d90b - -18?
d923
In base 14, what is 1b93c5 - -1?
1b93c6
In base 7, what is 30051 - -106?
30160
In base 6, what is -5 + 101151442?
101151433
In base 16, what is 5 + 21a89?
21a8e
In base 5, what is 1320 - -324?
2144
In base 8, what is 122506 + -7?
122477
In base 7, what is 105 - 33040?
-32632
In base 12, what is 174 - -349?
501
In base 11, what is 13 + -1008?
-aa5
In base 7, what is 1300 - 1?
1266
In base 15, what is -2 - -5c75?
5c73
In base 5, what is -221 - -14202?
13431
In base 6, what is 150 + 123205?
123355
In base 12, what is -10 + 805?
7b5
In base 3, what is -210001 - -1022?
-201202
In base 12, what is 1a3 + 96?
279
In base 6, what is -140 + -1145?
-1325
In base 13, what is -57 + -3bb?
-445
In base 4, what is 20 - 231011?
-230331
In base 3, what is 1121102222 - 12?
1121102210
In base 6, what is -311 + 5530?
5215
In base 9, what is -552710 - 1?
-552711
In base 11, what is 846 - 57?
79a
In base 2, what is 1000111111100111101 - -1001?
1000111111101000110
In base 15, what is -2 - -136d9?
136d7
In base 11, what is -12a - -3921?
37a2
In base 15, what is 18a + 111?
29b
In base 16, what is -1bf - -37?
-188
In base 10, what is 2 + 1401430?
1401432
In base 6, what is -11 + 32331?
32320
In base 6, what is -253301 - 2?
-253303
In base 12, what is -b672 - b?
-b681
In base 10, what is 32384 + -5?
32379
In base 11, what is -4 - 1953?
-1957
In base 8, what is 156613 - 7?
156604
In base 12, what is -2743 - 48?
-278b
In base 14, what is -46844 + 3?
-46841
In base 7, what is 35 + -103?
-35
In base 14, what is 3b21 + 5?
3b26
In base 9, what is 161050 - 3?
161046
In base 6, what is 32 + -33330?
-33254
In base 3, what is 2200211 - -11201?
2212112
In base 11, what is 16659 - 4?
16655
In base 5, what is 43311411 + -12?
43311344
In base 6, what is 1243 + -35?
1204
In base 7, what is 1556 - 5?
1551
In base 8, what is -660 + -101?
-761
In base 16, what is d2 - -37?
109
In base 5, what is 2312 + -1212?
1100
In base 4, what is -3 - 132113320?
-132113323
In base 16, what is ffe + -4?
ffa
In base 14, what is -28140 - 0?
-28140
In base 12, what is 9 + -739a?
-7391
In base 10, what is -38248 - -54?
-38194
In base 15, what is 28e - -4e?
2dd
In base 12, what is -ba778 - -9?
-ba76b
In base 2, what is 1001000001101010011000 - -1?
1001000001101010011001
In base 10, what is 4 - 19762?
-19758
In base 15, what is 4dec + -c?
4de0
In base 2, what is 1100001 + 1000011000111?
1000100101000
In base 11, what is -68 + -114?
-181
In base 10, what is 5 + 58461?
58466
In base 9, what is -537 + 2434?
1786
In base 3, what is 10011120001 + 10?
10011120011
In base 6, what is 4 - 41344332?
-41344324
In base 14, what is 4 + 15485?
15489
In base 13, what is ac43 - 24?
ac1c
In base 2, what is 11001110110010 - -100?
11001110110110
In base 7, what is 3620 + -50?
3540
In base 12, what is -451 - 43?
-494
In base 7, what is -106632 - 1?
-106633
In base 4, what is -31 - -1210230?
1210133
In base 7, what is 3 + 2602426?
2602432
In base 11, what is -5 - 287694?
-287699
In base 12, what is -14 + 949?
935
In base 12, what is -344 - 36?
-37a
In base 14, what is 318 + -7?
311
In base 8, what is 6331411 - -2?
6331413
In base 4, what is 31131233 + 10?
31131303
In base 4, what is -100233 + -210110?
-311003
In base 3, what is 1120011 + 10102?
1200120
In base 9, what is -37276 - 4?
-37281
In base 2, what is 1011111011 + -101110101001?
-100010101110
In base 10, what is -12 - -34815?
34803
In base 9, what is 41333 - -7?
41341
In base 9, what is 76000 - 70?
75820
In base 6, what is 3 + 1203225?
1203232
In base 9, what is -248 - -574?
325
In base 15, what is 4 - 11ea8?
-11ea4
In base 8, what is 617 - -26274?
27113
In base 8, what is 3360 + -4552?
-1172
In base 9, what is 7 + 11626?
11634
In base 9, what is -277 - 15?
-303
In base 10, what is 306 + -6719?
-6413
In base 3, what is 200000012 + 1112?
200001201
In base 4, what is -10 - -20030130?
20030120
In base 5, what is -340 + 1042?
202
In ba